of s(n)?
2, 5
Suppose 5*d = -20, 3*m - m + 2*d = 162. What are the prime factors of m?
5, 17
Let h(o) = -4*o - 43. What are the prime factors of h(-18)?
29
Suppose -12*q + 137 = -2923. List the prime factors of q.
3, 5, 17
Let o(w) = -5*w + 10. Let h be o(7). Let c(k) = -5*k + 7. Let m be c(5). Let p = m - h. What are the prime factors of p?
7
Suppose -10 = -5*z + 5*w, -z = z + w - 19. Suppose -10 - z = -a. What are the prime factors of a?
17
Suppose -3*z = 2*z - 5. Let f be (39 + (-1 - -3))*z. Suppose 0 = 4*g - f + 9. List the prime factors of g.
2
Suppose -2*v + o + 2 = 0, -2*v + 4*v - 4*o + 4 = 0. Suppose v*w - w - 1 = 0. What are the prime factors of ((-12)/(-14))/(w/7)?
2, 3
Let i = 57 + 73. List the prime factors of i.
2, 5, 13
Let f(w) = 5*w - 8. Let h = -7 + 12. Let g(v) = -6*v + 8. Let u(o) = h*f(o) + 4*g(o). What are the prime factors of u(11)?
3
Let x(k) = -k**3 - 2*k**2 + 5*k + 1. Let t be x(-5). Let m = t + -30. What are the prime factors of m?
3, 7
Let y(q) = q**2 + 5*q. Let g = -6 - -1. Let i be y(g). Let m = i - -5. List the prime factors of m.
5
Let c(b) = -b**2 + 4*b - 1. Let t be c(4). List the prime factors of (-1 - t)/(-1) - -21.
3, 7
Let d(q) = -q**3 + 2*q**2 - q - 38. Let i be d(0). Let l = 59 + i. List the prime factors of l.
3, 7
Let t(q) = -q**3 - 9*q**2 + q + 13. List the prime factors of t(-9).
2
Let h(w) = -19*w + 29. List the prime factors of h(-9).
2, 5
Let w(m) = m**3 - 8*m**2 + 5*m + 7. Let q be w(6). What are the prime factors of (40/q)/(2/(-7))?
2
Suppose 1 = 5*c - 3*t + 4, -5*t + 5 = 5*c. Suppose c = 4*y + 3*g - 5*g - 64, -4*g = -2*y + 32. What are the prime factors of y?
2
Suppose d - 277 = -246. What are the prime factors of d?
31
What are the prime factors of 97/2 + (-15)/10?
47
Let n be (-37)/(4 - 8 - -3). Let j = 63 - n. What are the prime factors of j?
2, 13
Let g be ((-1)/3)/((-12)/3816). Suppose 4*i - g = 3*o, 5*i + 0*o - 148 = -4*o. What are the prime factors of i?
2, 7
Let f be (-4)/(-2) - (-2)/(-1). Suppose f*o + 30 = 3*o. List the prime factors of o.
2, 5
Let v(g) = 26*g**2 + 10*g - 21. List the prime factors of v(4).
3, 5, 29
Let s = 2 - -28. Suppose 2*d + 4 - s = 0. What are the prime factors of d?
13
Let t = -7 + 16. Suppose 0 = 4*n - 7 + 27. Let c = n + t. List the prime factors of c.
2
Suppose -5*t + 0*t - x = -470, -2*x - 295 = -3*t. What are the prime factors of t?
5, 19
Let n(t) = -20*t - 14. What are the prime factors of n(-4)?
2, 3, 11
Let n = -7 + 9. Suppose -90 = -2*a + 2*x, -n*a + x = 2*a - 192. What are the prime factors of a?
7
Let a be (10/(-25))/(1/(-65)). Suppose -39 = 2*x + x. Let q = x + a. What are the prime factors of q?
13
Let c(j) = -7*j + 2. Suppose 4*f - 2*f + 6 = 0. List the prime factors of c(f).
23
Suppose 0 = 2*t - 0*t + l + 6, 5*l = 3*t + 22. Let o be -1 + -2 + 32 + t. Suppose -2*w - 4*q + 2*q + 24 = 0, 0 = 5*q - o. List the prime factors of w.
7
Let o be (-260)/(-16) + 3/4. Suppose 0 = -2*t + t + o. What are the prime factors of t?
17
Suppose -5*r - 523 = -2*a - 6*r, 2*r + 6 = 0. What are the prime factors of a?
263
Suppose 14*t + 190 = 16*t. What are the prime factors of t?
5, 19
Suppose 0*f + 2*n = -3*f - 8, -8 = 2*n. Let z = f + 1. Suppose -u = -z - 19. What are the prime factors of u?
2, 5
List the prime factors of (-4)/(-18) - ((-1418)/(-9))/(-2).
79
Suppose 3*n = 3*c - 1293, 3*c - 2*n - 2167 = -2*c. What are the prime factors of c?
3, 5, 29
Let h = 39 + -29. List the prime factors of h.
2, 5
List the prime factors of 2/8 - 1647/(-36).
2, 23
Let x(b) be the first derivative of b**3/3 + 5*b**2 + 11*b - 1. Let f be x(-9). Suppose -f*p - 40 = -4*y, 5*y - 32 = 4*p + 21. List the prime factors of y.
3
Suppose 0 = 3*x - 4*p - 0 + 10, 0 = -4*x - p + 12. Suppose -5*q + x*o = 22, 3*q = o - 8 - 5. Let n = 7 - q. What are the prime factors of n?
11
Let c be (4/8)/(1/24). Let f = c - -8. What are the prime factors of f?
2, 5
Let a(y) = -y**2 - 8*y - 2. Let k = 9 - 21. Let l = -18 - k. List the prime factors of a(l).
2, 5
Suppose 4*h - 5*n = 3, 0*n = 5*h + n - 11. Suppose -r = -0*r - 6. Let t = h + r. What are the prime factors of t?
2
Let a = -4 - -6. Let f(o) = o**3 + o**2 + o - 3*o**a - 3*o**2 + 2*o**2. List the prime factors of f(3).
3
Suppose 2*k = 5*k + 45. What are the prime factors of (-3 - (k - -2)) + -2?
2
Suppose -2*p - 2*s = p - 16, -17 = 4*p - 5*s. What are the prime factors of p?
2
What are the prime factors of ((-9)/2)/((-3283)/546 + 6)?
3, 13
What are the prime factors of 59*2/(-8)*-4?
59
Suppose 0 = -2*a - 4, 2*h + 15 = 2*a + 85. What are the prime factors of h?
3, 11
Let s(t) be the first derivative of -t**4/4 + t**3 + 3*t**2/2 - 3*t - 3. List the prime factors of s(3).
2, 3
What are the prime factors of (2 - (-16)/(-6))/((-8)/156)?
13
Let k be (-9)/3 - (-1)/(-1). List the prime factors of (0 - -1) + k + 11.
2
Suppose -4*k - 83 = -15. Let t = k - -27. Let d = t - -9. What are the prime factors of d?
19
Suppose 108 = 4*c + 2*h, 4*c + 0*c = 4*h + 120. What are the prime factors of c?
2, 7
What are the prime factors of 177/(2*(-12)/16*-1)?
2, 59
Let h(f) = -f**3 - f**2 + 3*f + 4. Let k = 3 + -6. List the prime factors of h(k).
13
Let v(p) = -p + 1. Let m(g) = -g**2 - 3*g + 3. Let t be m(2). What are the prime factors of v(t)?
2
Let a be (-3)/(2 - 33/18). Let k be (a/(-30))/((-1)/5). List the prime factors of 7 + k/6*-2.
2
Let y = 5 + 7. Let p(n) = -n + y + 4*n - 2*n. List the prime factors of p(-9).
3
Let l(m) = -4*m**3 - 4*m**2 - 2*m + 1. What are the prime factors of l(-2)?
3, 7
List the prime factors of (-12)/3 + -2 + 21.
3, 5
Let q(l) = -4*l + 1 + 13*l**2 + 3*l - 16*l**2. Let c be q(1). What are the prime factors of 14 + -5 + (c - -1)?
7
Let x(o) = o**2 + 4*o - 8. Let q(l) = l**3 - 6*l**2 - 7*l + 2. Let h be q(7). Suppose -3*d + 9 = -h*g, -4*g + d = -0*d + 23. List the prime factors of x(g).
2
Suppose -3 - 39 = -7*j. List the prime factors of j.
2, 3
Suppose 0 = 2*r + 3 - 29. Let y = -2 + r. What are the prime factors of y?
11
Let a(m) = 2*m**2 - 5*m - 13. What are the prime factors of a(7)?
2, 5
Let c be (-256)/(-18) - 10/45. Suppose 3 = -2*j + 9. Suppose -c = p - 3*p + 2*x, 0 = 4*p - j*x - 32. What are the prime factors of p?
11
Let d = -4 - -6. Suppose m + 11 = -d*f - 3*f, 5*f + 23 = 2*m. What are the prime factors of m?
2
Suppose 15 = -d - 2*d, 2*f + 3*d = -47. Let m = f - -24. What are the prime factors of m?
2
Suppose 0 = 3*a + 2 - 8. Let t be 6 - (-1)/(-1)*a. Suppose t = p + p. List the prime factors of p.
2
Let o be (-41)/4 - (-3)/12. Suppose 2*z + 8 = -2*z. Let m = z - o. List the prime factors of m.
2
Suppose q = -m + 3*q - 3, -42 = 4*m + 2*q. Let b(h) = -h + 5. Let p be b(m). Suppose 0 = -5*s - 3*y + 35, -2*s + p = -0*y + y. List the prime factors of s.
7
Let h = -2 - -18. List the prime factors of h.
2
Let w = 23 - 13. Let u be (-8)/20 + 44/w. Suppose 8*y - u*y = 28. What are the prime factors of y?
7
Suppose -3*l + 3 + 4 = 2*h, -h = 2*l - 3. Suppose 5 = 5*u - 5*z - h, -u + 10 = -5*z. Let k = u - -5. List the prime factors of k.
5
Let u be (6/(-4))/((-12)/32). Suppose 0 = -5*w - 4 - 6. What are the prime factors of (-2)/u*(w + -10)?
2, 3
Let v = -1 + 6. Let j(i) be the first derivative of -i**2/2 + 7*i + 2. What are the prime factors of j(v)?
2
Let v = 28 - -9. List the prime factors of v.
37
Let l(d) = d**3 - 1. Let t be l(2). Suppose -t*j = -2*j - 25. Suppose 12 = -2*p - j*g + 68, -4*p + g = -90. What are the prime factors of p?
23
Suppose r + 104 = 5*r. What are the prime factors of r?
2, 13
Suppose 0*j + 156 = 4*j. What are the prime factors of j?
3, 13
Let p(j) = j**2 + 9*j - 7. Let q be p(-10). Suppose v + q*v - 44 = -2*t, 3*v = -t + 25. What are the prime factors of t?
2
Let z = 3 + 2. Suppose 4*t + 3*a = 8*a + 51, -z*t + 36 = 3*a. List the prime factors of (-2)/(-2) + -2 + t.
2
Suppose d = 2*d - 3. Suppose 4*n = d*p - 0*n - 66, 2*p = 4*n + 44. What are the prime factors of p?
2, 11
Let t(z) = -z**3 + 3*z**2 + 6*z - 3. Let k be t(4). Let w = k - -5. List the prime factors of w.
2, 5
Let p(d) = -d**3 - d**2 + d - 3. Let r be p(0). Let y be (0*r/(-9))/(-1). Suppose y = -v - 2*v + 21. List the prime factors of v.
7
List the prime factors of (-479)/(-9) + (-8)/36.
53
Suppose 0*w - 2*w = -4*t + 18, -3*t - 5*w = -46. Suppose -5*x = u - 